8
Let b = 172 - 35. What is the hundreds digit of b?
1
Let d = -3 - -3. Let y(t) = d + 1 + 2*t + t. What is the units digit of y(1)?
4
Suppose -3*i - 5*y + 62 = 0, 55 = 2*i + i - 2*y. What is the units digit of i?
9
Suppose 215 = -3*z + 5*v, 0 = -7*z + 2*z - 3*v - 313. Let i = -36 - z. What is the tens digit of i?
2
Let s be 4 + (-1)/(3/6). Let b be s/(-9) - 152/(-36). Suppose b*u = 1 + 83. What is the tens digit of u?
2
Suppose 4*r = u - 21, -2*u + 3 = u + 3*r. Suppose 2 = -f + u. What is the units digit of (2/f)/(4/48)?
8
Let p = 17 + -10. Suppose -3*f = -4*u - p, -u + 11 = f + 2*u. What is the units digit of f?
5
Let a = 3 + -9. Let x = a + 22. What is the tens digit of x?
1
Let c(l) = 33*l - 48. What is the hundreds digit of c(14)?
4
Let o = 20 - 14. What is the units digit of 2*4 - (o + -5)?
7
Let w(h) be the second derivative of h**5/20 + h**4/3 - h**3 - h**2 + 5*h. What is the units digit of w(-4)?
2
Let c(a) = 6*a**2 - 1. Let g be c(-1). Suppose -15 = 3*w, g*w + 19 = 3*z + 6*w. What is the units digit of 88/z - 0/(-1)?
1
Let t be -16 + 1 + 4/2. Suppose -4*i + 2*i = 4*w + 18, -i + 11 = -3*w. Let u = w - t. What is the units digit of u?
9
Let s(u) = -u**3 - 14*u**2 + 16*u + 15. Let c be s(-15). Suppose 2*q - 5 - 51 = c. What is the tens digit of q?
2
Let d = 5 + -9. Let z = -1 - d. Suppose z*h = h - 4*j - 2, 0 = 2*h + 2*j - 8. What is the units digit of h?
9
Let b(s) = 22*s**2 + s - 4. What is the tens digit of b(-2)?
8
Let v = -176 + 126. What is the units digit of (-390)/v + (-2)/(-10)?
8
Let m = -375 + 611. What is the tens digit of m?
3
What is the units digit of 1 - ((-1 - 36) + -1)?
9
Let a(t) = -t**2 + 6*t + 7. Let d be a(7). Suppose 5*r - 15 - 5 = d. Suppose -r*o + 45 = o. What is the units digit of o?
9
Let c = 6 + -3. Let r = c - 5. Let l = 5 + r. What is the units digit of l?
3
Let z(s) = -s - 2. Let r be z(-5). Suppose 7 = r*a + 4. What is the units digit of a?
1
Let h(m) = -m**2 - 5*m - 4. Let r be h(-4). Let t be -4 - -3 - (-5 - r). Suppose t*i - 2*k = 14, 3*i - 4*k - 21 = -6*k. What is the units digit of i?
5
Let v(l) = -2*l**2 + 1. Let j be v(-2). Let k(h) = 2*h**2 + 9*h - 4. What is the units digit of k(j)?
1
Let l = 11 + -7. Let h = l + -2. Suppose h*t - 10 = -2. What is the units digit of t?
4
Let v(x) = x**2. Let u be v(2). Suppose -3*o + u*o = 4. What is the units digit of o?
4
Suppose 4*b - 5 = 5*b, 3*b - 230 = -z. What is the hundreds digit of z?
2
Let p be -7*(-3 + 1)/(-2). Let v be (-2)/(-7) - 12/p. Suppose 0 = -v*y + 6 + 14. What is the units digit of y?
0
Suppose -56 = -4*u + 108. Suppose f - 4*b = -3*b + 17, 0 = -f - 5*b + u. What is the units digit of (-1)/(-3) - (-77)/f?
4
Let q(x) = x**3 + 6*x**2 - 9*x + 6. Let b be q(-7). Let v = b + -14. What is the units digit of v?
6
Let x(w) = w**3 - 6*w**2 + 13. What is the units digit of x(8)?
1
Let s(c) be the second derivative of c**5/20 - 7*c**4/12 - 4*c**3/3 + c**2 - 2*c. Let o be s(8). Suppose u = o*u - 8. What is the units digit of u?
8
Let v(o) be the second derivative of o**4/12 - 4*o**3/3 + 13*o**2/2 - 4*o. What is the tens digit of v(10)?
3
Let p(l) = -l - 7. Let h be p(-7). Let r be 12/2 + -1 + h. What is the units digit of ((-4)/r)/((-4)/10)?
2
Let i(g) = g + 4. Let a(s) = -s**2 + s - 4. Let o be a(0). Let u be i(o). Suppose u = 4*k + 3*d + 2*d - 23, 4*k = 5*d + 33. What is the units digit of k?
7
Suppose i = -0*i + 6. Let k = 4 - i. What is the units digit of (-156)/(-30) - k/(-10)?
5
Let c be 38/14 - (-8)/28. Let f(b) = -b**3 + c - 1 - 13*b**2 - 13*b + 2. What is the tens digit of f(-12)?
1
Let b = 5 - 10. Let q = 8 + b. Let s(m) = -m**2 + 2*m + 4. What is the units digit of s(q)?
1
Let i be (1/3)/((-3)/(-18)). Suppose 0*s - 2*s + i*u - 82 = 0, -5*s = -3*u + 203. What is the units digit of (2 + -5)*s/12?
0
Suppose -1 = t + n, 4*n + 15 = -1. Suppose t*m + 66 = -5*v, 50 = v - 6*v + 5*m. What is the units digit of (-2 + 0)*42/v?
7
Suppose 0*k = 2*k - 2. Let t = 4 + k. What is the units digit of t?
5
Let h(q) = -q**2 + 6*q + 3. Let a be h(6). Suppose 0 = -3*f + a*g + 4 - 1, 4*f - 36 = -4*g. What is the units digit of (-7)/(-5) + (-2)/f?
1
Suppose 4 - 3 = d. Let s = d - 1. What is the units digit of (s - 1) + (3 - -1)?
3
Let j be -6*1/2 - -1. Let o(i) = -2*i. Let h(x) = -6*x - 1. Let r(s) = 3*h(s) - 8*o(s). What is the units digit of r(j)?
1
Let u = -5 + 9. Suppose 2*p = -0 + u. What is the units digit of 0 + 2 + 2 - p?
2
Let o = 6 - 3. Suppose -5*p + 46 = 3*x, o*p - 4*p - 22 = -2*x. What is the tens digit of x?
1
Suppose -4*j + 77 = -87. Suppose j = 5*m - 24. What is the units digit of m?
3
Let o = 30 - 24. What is the units digit of o?
6
Let k = 60 - 10. What is the units digit of k?
0
Let a(m) = -5*m**3 + 4*m**3 + 14*m + 2 - 10 - 5 + 11*m**2. Let o be a(11). What is the units digit of (-2)/9 + o/27?
5
Let p = 70 - 46. What is the tens digit of p?
2
Let h(x) = -6*x + 2. Let y be h(2). Let g = 14 + y. What is the units digit of 2/g - 7/(-2)?
4
Let d(s) = 8*s**2 - 10*s + 11. What is the hundreds digit of d(6)?
2
What is the tens digit of 3*(69 + (-4)/(-2))?
1
Let c(q) = -q**2 - 6*q + 1. Let o be c(-7). What is the tens digit of (4/o)/((-14)/861)?
4
Suppose -108 = -4*b + 2*y, -4*y - 6 = -y. What is the units digit of (b/4)/(3/18)?
9
Let k(a) = a**3 - 6*a**2 - 7*a + 2. Let d be k(7). Let b(w) be the third derivative of w**4/24 - w**2. What is the units digit of b(d)?
2
Suppose 5*n + 44 = 4*s, 5*s + 2*n - 16 = s. Let v = 11 - 9. Suppose -z + v = -s. What is the units digit of z?
8
Suppose -2 = -5*b + 4*f, 5*b - 8 - 8 = -3*f. Let v be (-3)/2*2*1. What is the units digit of (b/10)/(v/(-15))?
1
Let k(g) = -1 + 3*g**2 - 2*g**3 + 2 - 2*g - 2 + 0*g**2. Let a be k(2). What is the units digit of (-119)/a + (-6)/27?
3
Let f(t) = -2*t**2 + 14*t - 2. What is the tens digit of f(6)?
1
Suppose 1639 + 671 = 10*g. What is the tens digit of g?
3
What is the units digit of (-4 - -219) + 3/1?
8
Let k(c) = 9*c**2 + c - 1. Let z be (-2)/9 - (-121)/99. What is the units digit of k(z)?
9
Let k = 2 - 2. Suppose k = f - 5 - 0. Suppose 3*s + 0*n - 23 = n, 4*s = f*n + 38. What is the units digit of s?
7
Let f = 126 + -80. What is the units digit of f?
6
Suppose 8*w = 7*w + 74. What is the tens digit of w?
7
Let n = 1 + 1. Suppose 0 = -5*r - 2*f + 88, -6*r + 4*r = -n*f - 24. What is the units digit of r?
6
Let l be (-1 - 2*-1)*0. Let g be (1 - -1) + -5 - -3. Suppose h + l - 9 = g. What is the units digit of h?
9
Let f(p) = p**3 - 4*p**2 - 4*p - 3. Let u be f(5). Suppose -a - 3*k = -u*a + 29, -4*a + 86 = -2*k. What is the tens digit of a?
2
Let y = -25 + 35. Let i = 19 + y. What is the units digit of i?
9
Let o = 93 + -29. What is the tens digit of o?
6
Suppose 3*q - 2 = 2*q. Suppose 5*d - 1 = -g, -q*g + 3*d + 33 = 3*g. What is the units digit of g?
6
Suppose 0*k = t + k - 22, -3*t - 2*k + 66 = 0. What is the tens digit of t?
2
Suppose -2*s = 3*m, 5*m = -0*s - 2*s + 4. Let g(q) = 8*q**2 + 3*q**m + 2 - 1 + 2*q. What is the tens digit of g(-1)?
1
Let f(z) = z**2 - 11*z + 11. Let x be f(9). Suppose -2*k + 3 = -5*d - 6, -3*k + 27 = -3*d. Let n = k + x. What is the units digit of n?
5
Suppose c - 36 = -b, c - 17 = -3*b + 93. What is the units digit of b?
7
What is the units digit of (-1 + -44)/((-6)/4)?
0
What is the tens digit of (-12)/(-18)*(-66)/(-4)?
1
Let j(b) = 2*b**3 - 2*b**2 + b. Let g be j(3). Suppose 4*w = g + 13. What is the tens digit of w?
1
Let p be (-3)/5 - (-396)/60. Let z(v) be the third derivative of -v**5/60 + v**4/4 + v**3/2 - v**2. What is the units digit of z(p)?
3
Suppose -3*r + 135 + 12 = 0. What is the units digit of r?
9
Let k(w) = w - w + 8*w**2 + 0*w**2 - w**3 + 8. What is the units digit of k(8)?
8
What is the units digit of (-336)/(-72) + 2*1/6?
5
What is the tens digit of ((-48)/(-20))/((-1)/(-30))?
7
Let j(a) = a**2 + 3*a + 2. Let n be j(-2). Suppose 5*c - 4*r - 37 - 170 = n, -5*c - 3*r + 186 = 0. What is the units digit of c?
9
Let f(r) = -r**2 + 7*r**2 + 5*r - 5 + r**3 - 2*r. Let y be f(-4). Suppose 4*j - y = 1. What is the units digit of j?
4
Let j = -2 - -6. Let i = 3 + j. What is the units digit of i?
7
Let u(r) = -r**2 - 30*r - 19. What is the hundreds digit of u(-13)?
2
Let f be ((-9)/6)/(1/2). Let x(b) = b**2 - b - 1. What is the units digit of x(f)